{"id":1244,"date":"2018-06-19T16:13:49","date_gmt":"2018-06-19T16:13:49","guid":{"rendered":"https:\/\/4amsaatchi.com\/?page_id=1244"},"modified":"2018-06-19T17:01:19","modified_gmt":"2018-06-19T17:01:19","slug":"guatemala","status":"publish","type":"page","link":"https:\/\/4amsaatchi.com\/elsalvador\/work\/guatemala\/","title":{"rendered":"Guatemala"},"content":{"rendered":"<div class=\"mp-row-fluid motopress-row mpce-dsbl-margin-left mpce-dsbl-margin-right\">\n<div class=\"motopress-clmn mp-span12  mpce-dsbl-margin-left mpce-dsbl-margin-right\">\n<div class=\"motopress-code-obj motopress-margin-top-25\">\n<div class=\"cent-align\">\n<div class=\"col-md-6 col-xs-12 col-sm-6 titulares\">\n<div class=\"bg-pal\">WO<br \/>\n<span class=\"seg\">RK<\/span><\/div>\n<p class=\"tit\">WORK<\/p>\n<\/div>\n<div class=\"col-md-6 col-xs-12 col-sm-6 breadcrumb\">\n<div class=\"cont-bread\">\n<p><a class=\"home\" href=\"https:\/\/4amsaatchi.com\/\">HOME<\/a><span class=\"slash\">\/<\/span><\/p>\n<div class=\"seg\">WORK<\/div>\n<\/div>\n<\/div>\n<\/div>\n<\/div>\n<\/div>\n<\/div>\n<div class=\"mp-row-fluid motopress-row mpce-dsbl-margin-left mpce-dsbl-margin-right\">\n<div class=\"motopress-clmn mp-span12  mpce-dsbl-margin-left mpce-dsbl-margin-right\">\n<div class=\"motopress-code-obj motopress-margin-top-25\">\n\r\n<style type=\"text\/css\">\r\n        .filtros-paises li {\r\n            display: inline-block;\r\n    margin: 10px;\r\n    font-family: \"NewsGothicMT\";\r\n    color: #646464;\r\n    letter-spacing: 2.5px;\r\n    font-size: 13px;\r\n    padding: 5px 18px;\r\n    margin: 0px;\r\n    border-right: 1px solid #ff515b;\r\n    cursor: pointer;\r\n    margin-right: -2px;\r\n        }\r\n    <\/style>\r\n\t<ul class=\"filtros-paises\">\r\n\t\t<!--<li class=\"guatemala\" data-id=\"7\">Guatemala<\/li>\r\n        <li class=\"costa-rica\" data-id=\"8\">Costa Rica<\/li>\r\n        <li class=\"honduras\" data-id=\"9\">Honduras<\/li>\r\n        <li class=\"salvador\" data-id=\"10\">El Salvador<\/li>\r\n        <li class=\"panama\" data-id=\"11\">Panam\u00e1<\/li>-->\r\n        <!-- <li class=\"guatemala\" data-id=\"7\"><a href=\"?pais=Guatemala\">Guatemala<\/a><\/li> -->\r\n        <!-- <li class=\"costa-rica\" data-id=\"8\"><a href=\"?pais=Costa-Rica\">Costa Rica<\/a><\/li> -->\r\n        <!-- <li class=\"honduras\" data-id=\"9\"><a href=\"?pais=Honduras\">Honduras<\/a><\/li>\r\n        <li class=\"salvador\" data-id=\"10\"><a href=\"?pais=El-Salvador\">El Salvador<\/a><\/li>\r\n        <li class=\"panama\" data-id=\"11\"><a href=\"?pais=Panama\">Panam\u00e1<\/a><\/li> -->\r\n\r\n        <!-- <li class=\"guatemala\" data-id=\"7\"><a href=\"https:\/\/4amsaatchi.com\/elsalvador\/work\/guatemala\">Guatemala<\/a><\/li>\r\n        <li class=\"costa-rica\" data-id=\"8\"><a href=\"https:\/\/4amsaatchi.com\/elsalvador\/work\/costa-rica\">Costa Rica<\/a><\/li>\r\n        <li class=\"honduras\" data-id=\"9\"><a href=\"https:\/\/4amsaatchi.com\/elsalvador\/work\/honduras\">Honduras<\/a><\/li>\r\n        <li class=\"salvador\" data-id=\"10\"><a href=\"https:\/\/4amsaatchi.com\/elsalvador\/work\/el-salvador\">El Salvador<\/a><\/li>\r\n        <li class=\"panama\" data-id=\"11\"><a href=\"https:\/\/4amsaatchi.com\/elsalvador\/work\/panama\">Panam\u00e1<\/a><\/li> -->\r\n\r\n\r\n\r\n        <!-- <li class=\"panama\" data-id=\"11\"><a >El Salvador<\/a><\/li> -->\r\n        \r\n        \r\n        \r\n\r\n        \r\n        \r\n    <\/ul> \r\n<script type=\"text\/javascript\">\r\n\tvar pais = \"10\";\r\n\r\n\tjQuery('li[data-id=\"'+pais+'\"]').addClass('activefil');\r\n    \/\/ jQuery('.paissele li[data-pais=\"'+pais+'\"]').addClass('paisactivo');\r\n\t\r\njQuery( document ).ready(function() {\r\n\r\n\t\/*jQuery('.filtros-paises li').click(function(e) \r\n    { \r\n    \tjQuery( \".filtros-paises li\" ).removeClass(\"activefil\");\r\n    \tjQuery(this).addClass(\"activefil\");\r\n    \t\/\/ console.log(jQuery(this).attr(\"data-id\"));\r\n    \tjQuery('.paissele li').removeClass('paisactivo');\r\n    \tjQuery('.paissele li[data-pais=\"'+jQuery(this).attr(\"data-id\")+'\"]').addClass('paisactivo');\r\n     \tvar filtro = jQuery(this).attr('data-id');     \t\r\n     \tjQuery.ajax({\r\n            type: 'POST',\r\n            url: '\/saatchi\/wp-admin\/admin-ajax.php',\r\n            data: {action:'filtroswork', filtro:filtro},\r\n            success: function(result) {  \/\/ callback function using returned data\r\n              jQuery(\"#cargando\").modal('hide');\r\n              jQuery('.worksfil').html(result);\r\n               },  \r\n            beforeSend:  function(result) {  \/\/ callback function using returned data\r\n              jQuery(\"#cargando\").modal('show');\r\n               },  \r\n            dataType: \"html\"\r\n          });\r\n    });*\/\r\n    \t\r\n\t\t \t\r\n\t\t\r\n\t\r\n\t});\r\n<\/script>\r\n<div class=\"worksfil\"> \r\n\t\t\t\r\n\t\t\t\t\t\t\t\t\t\t\t\t\t\t\t\t\t\t\t<div class=\"containerwork row\" id=\"bloque1\">\r\n\t\t\t\t\t\t\t\t\t\t\t\t\t\r\n\t\t\t\t\r\n\t\t\t\t\t<div class=\"col-lg-4 col-md-4 col-sm-6 col-xs-12 noticiahome\">\r\n\t\t\t\t\t<div class=\"img-work\">\r\n\t\t\t\t\t\t\t<a href=\"https:\/\/4amsaatchi.com\/elsalvador\/no-podemos-evitar-dolofin\/\" title=\"NO PODEMOS EVITAR \u2013 DOLOFIN\"><img loading=\"lazy\" decoding=\"async\" width=\"300\" height=\"300\" src=\"https:\/\/4amsaatchi.com\/elsalvador\/wp-content\/uploads\/sites\/2\/2018\/05\/dolofin-300x300.png\" class=\"attachment-medium size-medium wp-post-image\" alt=\"\" srcset=\"https:\/\/4amsaatchi.com\/elsalvador\/wp-content\/uploads\/sites\/2\/2018\/05\/dolofin-300x300.png 300w, https:\/\/4amsaatchi.com\/elsalvador\/wp-content\/uploads\/sites\/2\/2018\/05\/dolofin-150x150.png 150w, https:\/\/4amsaatchi.com\/elsalvador\/wp-content\/uploads\/sites\/2\/2018\/05\/dolofin-100x100.png 100w, https:\/\/4amsaatchi.com\/elsalvador\/wp-content\/uploads\/sites\/2\/2018\/05\/dolofin.png 500w\" sizes=\"100vw\" \/><\/a>\r\n\t\t\t\t\t\t\t\r\n\t\t\t\t\t\t<\/div> \r\n\t\t\t\t\t\t<a class=\"title-work\" href=\"https:\/\/4amsaatchi.com\/elsalvador\/no-podemos-evitar-dolofin\/\" title=\"NO PODEMOS EVITAR \u2013 DOLOFIN\">NO PODEMOS EVITAR \u2013 DOLOFIN<\/a>\r\n\t\t\t\t\t\t\r\n\r\n\t\t\t\t\t\t<p class=\"contenidonoti\">No podemos evitar \u2013 dolofin<\/p>\r\n\t\t\t\t\t\t\r\n\t\t\t\t\t<\/div>\r\n\t\t\t\t\t\t\t\t\t\t\t\t\t\t\t\t\r\n\t\t\t\t\r\n\t\t\t\t\t<div class=\"col-lg-4 col-md-4 col-sm-6 col-xs-12 noticiahome\">\r\n\t\t\t\t\t<div class=\"img-work\">\r\n\t\t\t\t\t\t\t<a href=\"https:\/\/4amsaatchi.com\/elsalvador\/2-caminos-que-van-contigo-yamaha-xtz\/\" title=\"2 CAMINOS QUE VAN CONTIGO -YAMAHA XTZ\"><img loading=\"lazy\" decoding=\"async\" width=\"300\" height=\"300\" src=\"https:\/\/4amsaatchi.com\/elsalvador\/wp-content\/uploads\/sites\/2\/2018\/05\/YAMAHA-Leasing-300x300.png\" class=\"attachment-medium size-medium wp-post-image\" alt=\"\" srcset=\"https:\/\/4amsaatchi.com\/elsalvador\/wp-content\/uploads\/sites\/2\/2018\/05\/YAMAHA-Leasing-300x300.png 300w, https:\/\/4amsaatchi.com\/elsalvador\/wp-content\/uploads\/sites\/2\/2018\/05\/YAMAHA-Leasing-150x150.png 150w, https:\/\/4amsaatchi.com\/elsalvador\/wp-content\/uploads\/sites\/2\/2018\/05\/YAMAHA-Leasing-100x100.png 100w, https:\/\/4amsaatchi.com\/elsalvador\/wp-content\/uploads\/sites\/2\/2018\/05\/YAMAHA-Leasing.png 500w\" sizes=\"100vw\" \/><\/a>\r\n\t\t\t\t\t\t\t\r\n\t\t\t\t\t\t<\/div> \r\n\t\t\t\t\t\t<a class=\"title-work\" href=\"https:\/\/4amsaatchi.com\/elsalvador\/2-caminos-que-van-contigo-yamaha-xtz\/\" title=\"2 CAMINOS QUE VAN CONTIGO -YAMAHA XTZ\">2 CAMINOS QUE VAN CONTIGO -YAMAHA XTZ<\/a>\r\n\t\t\t\t\t\t\r\n\r\n\t\t\t\t\t\t<p class=\"contenidonoti\">2 caminos que van contigo &#8211; yamaha xtz<\/p>\r\n\t\t\t\t\t\t\r\n\t\t\t\t\t<\/div>\r\n\t\t\t\t\t\t\t\t\t\t\t\t\t\t\t\t\r\n\t\t\t\t\r\n\t\t\t\t\t<div class=\"col-lg-4 col-md-4 col-sm-6 col-xs-12 noticiahome\">\r\n\t\t\t\t\t<div class=\"img-work\">\r\n\t\t\t\t\t\t\t<a href=\"https:\/\/4amsaatchi.com\/elsalvador\/the-best-keep-secret-el-salvador-impressive\/\" title=\"THE BEST KEEP SECRET\"><img loading=\"lazy\" decoding=\"async\" width=\"300\" height=\"300\" src=\"https:\/\/4amsaatchi.com\/elsalvador\/wp-content\/uploads\/sites\/2\/2018\/05\/El-Baktun-Maya-300x300.png\" class=\"attachment-medium size-medium wp-post-image\" alt=\"\" srcset=\"https:\/\/4amsaatchi.com\/elsalvador\/wp-content\/uploads\/sites\/2\/2018\/05\/El-Baktun-Maya-300x300.png 300w, https:\/\/4amsaatchi.com\/elsalvador\/wp-content\/uploads\/sites\/2\/2018\/05\/El-Baktun-Maya-150x150.png 150w, https:\/\/4amsaatchi.com\/elsalvador\/wp-content\/uploads\/sites\/2\/2018\/05\/El-Baktun-Maya-100x100.png 100w, https:\/\/4amsaatchi.com\/elsalvador\/wp-content\/uploads\/sites\/2\/2018\/05\/El-Baktun-Maya.png 500w\" sizes=\"100vw\" \/><\/a>\r\n\t\t\t\t\t\t\t\r\n\t\t\t\t\t\t<\/div> \r\n\t\t\t\t\t\t<a class=\"title-work\" href=\"https:\/\/4amsaatchi.com\/elsalvador\/the-best-keep-secret-el-salvador-impressive\/\" title=\"THE BEST KEEP SECRET\">THE BEST KEEP SECRET<\/a>\r\n\t\t\t\t\t\t\r\n\r\n\t\t\t\t\t\t<p class=\"contenidonoti\">The best keep secret &#8211; el salvador impressive<\/p>\r\n\t\t\t\t\t\t\r\n\t\t\t\t\t<\/div>\r\n\t\t\t\t\t\t\t\t\t\t\t\t\t\t\t\t\r\n\t\t\t\t\r\n\t\t\t\t\t<div class=\"col-lg-4 col-md-4 col-sm-6 col-xs-12 noticiahome\">\r\n\t\t\t\t\t<div class=\"img-work\">\r\n\t\t\t\t\t\t\t<a href=\"https:\/\/4amsaatchi.com\/elsalvador\/buger-king-stacker\/\" title=\"Buger &#8211; King Stacker\"><img loading=\"lazy\" decoding=\"async\" width=\"300\" height=\"300\" src=\"https:\/\/4amsaatchi.com\/elsalvador\/wp-content\/uploads\/sites\/2\/2018\/05\/wropper-300x300.jpg\" class=\"attachment-medium size-medium wp-post-image\" alt=\"\" srcset=\"https:\/\/4amsaatchi.com\/elsalvador\/wp-content\/uploads\/sites\/2\/2018\/05\/wropper-300x300.jpg 300w, https:\/\/4amsaatchi.com\/elsalvador\/wp-content\/uploads\/sites\/2\/2018\/05\/wropper-150x150.jpg 150w, https:\/\/4amsaatchi.com\/elsalvador\/wp-content\/uploads\/sites\/2\/2018\/05\/wropper-100x100.jpg 100w, https:\/\/4amsaatchi.com\/elsalvador\/wp-content\/uploads\/sites\/2\/2018\/05\/wropper.jpg 500w\" sizes=\"100vw\" \/><\/a>\r\n\t\t\t\t\t\t\t\r\n\t\t\t\t\t\t<\/div> \r\n\t\t\t\t\t\t<a class=\"title-work\" href=\"https:\/\/4amsaatchi.com\/elsalvador\/buger-king-stacker\/\" title=\"Buger &#8211; King Stacker\">Buger &#8211; King Stacker<\/a>\r\n\t\t\t\t\t\t\r\n\r\n\t\t\t\t\t\t<p class=\"contenidonoti\">Buger &#8211; King Stacker<\/p>\r\n\t\t\t\t\t\t\r\n\t\t\t\t\t<\/div>\r\n\t\t\t\t\t\t\t\t\t\t\t\t\t\t \t<\/div>\r\n\t\t\t\t\t\t \r\n\t\t\t\t\t<input id=\"numbloques\" type=\"hidden\" name=\"\" value=\"1\">\r\n\t\t<input id=\"bloqueact\" type=\"hidden\" name=\"\" value=\"1\">\r\n\t\t\r\n<\/div>\r\n\n<\/div>\n<\/div>\n<\/div>\n","protected":false},"excerpt":{"rendered":"BU GER BUGER &#8211; KING STACKER HOME\/ WORK \/ EL SALVADOR \/ BUGER &#8211; KING STACKER Te dejamos este trabajo que hicimos junto a Domino\u00b4s. #PizzaPorAbrazos Siempre encontramos una excusa para compartir un buen momento, esta vez la excusa fue la pizza. Categor\u00edas: Direcci\u00f3n Artistica Gr\u00e1ficos Animados Marca Fecha: 2016 &#8211; 06 &#8211; 02 VER &hellip; <p class=\"link-more\"><a href=\"https:\/\/4amsaatchi.com\/elsalvador\/buger-king-stacker\/\" class=\"more-link\">Continuar leyendo<span class=\"screen-reader-text\"> \u00abBuger &#8211; King Stacker\u00bb<\/span><\/a><\/p>","protected":false},"author":1,"featured_media":0,"parent":47,"menu_order":0,"comment_status":"closed","ping_status":"closed","template":"work.php","meta":{"inline_featured_image":false,"footnotes":""},"yoast_head":"<!-- This site is optimized with the Yoast SEO plugin v22.2 - https:\/\/yoast.com\/wordpress\/plugins\/seo\/ -->\n<title>Guatemala - El Salvador<\/title>\n<meta name=\"robots\" content=\"index, follow, max-snippet:-1, max-image-preview:large, max-video-preview:-1\" \/>\n<link rel=\"canonical\" href=\"https:\/\/4amsaatchi.com\/elsalvador\/work\/guatemala\/\" \/>\n<meta property=\"og:locale\" content=\"es_ES\" \/>\n<meta property=\"og:type\" content=\"article\" \/>\n<meta property=\"og:title\" content=\"Guatemala - El Salvador\" \/>\n<meta property=\"og:description\" content=\"BU GER BUGER &#8211; KING STACKER HOME\/ WORK \/ EL SALVADOR \/ BUGER &#8211; KING STACKER Te dejamos este trabajo que hicimos junto a Domino\u00b4s. #PizzaPorAbrazos Siempre encontramos una excusa para compartir un buen momento, esta vez la excusa fue la pizza. Categor\u00edas: Direcci\u00f3n Artistica Gr\u00e1ficos Animados Marca Fecha: 2016 &#8211; 06 &#8211; 02 VER &hellip; Continuar leyendo &quot;Buger &#8211; King Stacker&quot;\" \/>\n<meta property=\"og:url\" content=\"https:\/\/4amsaatchi.com\/elsalvador\/work\/guatemala\/\" \/>\n<meta property=\"og:site_name\" content=\"El Salvador\" \/>\n<meta property=\"article:modified_time\" content=\"2018-06-19T17:01:19+00:00\" \/>\n<meta name=\"twitter:card\" content=\"summary_large_image\" \/>\n<script type=\"application\/ld+json\" class=\"yoast-schema-graph\">{\"@context\":\"https:\/\/schema.org\",\"@graph\":[{\"@type\":\"WebPage\",\"@id\":\"https:\/\/4amsaatchi.com\/elsalvador\/work\/guatemala\/\",\"url\":\"https:\/\/4amsaatchi.com\/elsalvador\/work\/guatemala\/\",\"name\":\"Guatemala - El Salvador\",\"isPartOf\":{\"@id\":\"https:\/\/4amsaatchi.com\/elsalvador\/#website\"},\"datePublished\":\"2018-06-19T16:13:49+00:00\",\"dateModified\":\"2018-06-19T17:01:19+00:00\",\"breadcrumb\":{\"@id\":\"https:\/\/4amsaatchi.com\/elsalvador\/work\/guatemala\/#breadcrumb\"},\"inLanguage\":\"es\",\"potentialAction\":[{\"@type\":\"ReadAction\",\"target\":[\"https:\/\/4amsaatchi.com\/elsalvador\/work\/guatemala\/\"]}]},{\"@type\":\"BreadcrumbList\",\"@id\":\"https:\/\/4amsaatchi.com\/elsalvador\/work\/guatemala\/#breadcrumb\",\"itemListElement\":[{\"@type\":\"ListItem\",\"position\":1,\"name\":\"Portada\",\"item\":\"https:\/\/4amsaatchi.com\/elsalvador\/\"},{\"@type\":\"ListItem\",\"position\":2,\"name\":\"Work\",\"item\":\"https:\/\/4amsaatchi.com\/elsalvador\/work\/\"},{\"@type\":\"ListItem\",\"position\":3,\"name\":\"Guatemala\"}]},{\"@type\":\"WebSite\",\"@id\":\"https:\/\/4amsaatchi.com\/elsalvador\/#website\",\"url\":\"https:\/\/4amsaatchi.com\/elsalvador\/\",\"name\":\"El Salvador\",\"description\":\"\",\"potentialAction\":[{\"@type\":\"SearchAction\",\"target\":{\"@type\":\"EntryPoint\",\"urlTemplate\":\"https:\/\/4amsaatchi.com\/elsalvador\/?s={search_term_string}\"},\"query-input\":\"required name=search_term_string\"}],\"inLanguage\":\"es\"}]}<\/script>\n<!-- \/ Yoast SEO plugin. -->","yoast_head_json":{"title":"Guatemala - El Salvador","robots":{"index":"index","follow":"follow","max-snippet":"max-snippet:-1","max-image-preview":"max-image-preview:large","max-video-preview":"max-video-preview:-1"},"canonical":"https:\/\/4amsaatchi.com\/elsalvador\/work\/guatemala\/","og_locale":"es_ES","og_type":"article","og_title":"Guatemala - El Salvador","og_description":"BU GER BUGER &#8211; KING STACKER HOME\/ WORK \/ EL SALVADOR \/ BUGER &#8211; KING STACKER Te dejamos este trabajo que hicimos junto a Domino\u00b4s. #PizzaPorAbrazos Siempre encontramos una excusa para compartir un buen momento, esta vez la excusa fue la pizza. Categor\u00edas: Direcci\u00f3n Artistica Gr\u00e1ficos Animados Marca Fecha: 2016 &#8211; 06 &#8211; 02 VER &hellip; Continuar leyendo \"Buger &#8211; King Stacker\"","og_url":"https:\/\/4amsaatchi.com\/elsalvador\/work\/guatemala\/","og_site_name":"El Salvador","article_modified_time":"2018-06-19T17:01:19+00:00","twitter_card":"summary_large_image","schema":{"@context":"https:\/\/schema.org","@graph":[{"@type":"WebPage","@id":"https:\/\/4amsaatchi.com\/elsalvador\/work\/guatemala\/","url":"https:\/\/4amsaatchi.com\/elsalvador\/work\/guatemala\/","name":"Guatemala - El Salvador","isPartOf":{"@id":"https:\/\/4amsaatchi.com\/elsalvador\/#website"},"datePublished":"2018-06-19T16:13:49+00:00","dateModified":"2018-06-19T17:01:19+00:00","breadcrumb":{"@id":"https:\/\/4amsaatchi.com\/elsalvador\/work\/guatemala\/#breadcrumb"},"inLanguage":"es","potentialAction":[{"@type":"ReadAction","target":["https:\/\/4amsaatchi.com\/elsalvador\/work\/guatemala\/"]}]},{"@type":"BreadcrumbList","@id":"https:\/\/4amsaatchi.com\/elsalvador\/work\/guatemala\/#breadcrumb","itemListElement":[{"@type":"ListItem","position":1,"name":"Portada","item":"https:\/\/4amsaatchi.com\/elsalvador\/"},{"@type":"ListItem","position":2,"name":"Work","item":"https:\/\/4amsaatchi.com\/elsalvador\/work\/"},{"@type":"ListItem","position":3,"name":"Guatemala"}]},{"@type":"WebSite","@id":"https:\/\/4amsaatchi.com\/elsalvador\/#website","url":"https:\/\/4amsaatchi.com\/elsalvador\/","name":"El Salvador","description":"","potentialAction":[{"@type":"SearchAction","target":{"@type":"EntryPoint","urlTemplate":"https:\/\/4amsaatchi.com\/elsalvador\/?s={search_term_string}"},"query-input":"required name=search_term_string"}],"inLanguage":"es"}]}},"_links":{"self":[{"href":"https:\/\/4amsaatchi.com\/elsalvador\/wp-json\/wp\/v2\/pages\/1244"}],"collection":[{"href":"https:\/\/4amsaatchi.com\/elsalvador\/wp-json\/wp\/v2\/pages"}],"about":[{"href":"https:\/\/4amsaatchi.com\/elsalvador\/wp-json\/wp\/v2\/types\/page"}],"author":[{"embeddable":true,"href":"https:\/\/4amsaatchi.com\/elsalvador\/wp-json\/wp\/v2\/users\/1"}],"replies":[{"embeddable":true,"href":"https:\/\/4amsaatchi.com\/elsalvador\/wp-json\/wp\/v2\/comments?post=1244"}],"version-history":[{"count":3,"href":"https:\/\/4amsaatchi.com\/elsalvador\/wp-json\/wp\/v2\/pages\/1244\/revisions"}],"predecessor-version":[{"id":1248,"href":"https:\/\/4amsaatchi.com\/elsalvador\/wp-json\/wp\/v2\/pages\/1244\/revisions\/1248"}],"up":[{"embeddable":true,"href":"https:\/\/4amsaatchi.com\/elsalvador\/wp-json\/wp\/v2\/pages\/47"}],"wp:attachment":[{"href":"https:\/\/4amsaatchi.com\/elsalvador\/wp-json\/wp\/v2\/media?parent=1244"}],"curies":[{"name":"wp","href":"https:\/\/api.w.org\/{rel}","templated":true}]}}