{"id":1249,"date":"2018-06-19T20:22:36","date_gmt":"2018-06-19T20:22:36","guid":{"rendered":"https:\/\/4amsaatchi.com\/?page_id=1249"},"modified":"2018-12-13T16:28:26","modified_gmt":"2018-12-13T16:28:26","slug":"costa-rica","status":"publish","type":"page","link":"https:\/\/4amsaatchi.com\/costarica\/work\/costa-rica\/","title":{"rendered":"Costa Rica"},"content":{"rendered":"<div class=\"mp-row-fluid motopress-row mpce-dsbl-margin-left mpce-dsbl-margin-right\">\n<div class=\"motopress-clmn mp-span12  mpce-dsbl-margin-left mpce-dsbl-margin-right\">\n<div class=\"motopress-code-obj motopress-margin-top-25\">\n<div class=\"cent-align\">\n<div class=\"col-md-6 col-xs-12 col-sm-6 titulares\">\n<div class=\"bg-pal\">WO<br \/>\n<span class=\"seg\">RK<\/span><\/div>\n<p class=\"tit\">WORK<\/p>\n<\/div>\n<div class=\"col-md-6 col-xs-12 col-sm-6 breadcrumb\">\n<div class=\"cont-bread\">\n<p><a class=\"home\" href=\"https:\/\/4amsaatchi.com\/\">HOME<\/a><span class=\"slash\">\/<\/span><\/p>\n<div class=\"seg\">WORK<\/div>\n<\/div>\n<\/div>\n<\/div>\n<\/div>\n<\/div>\n<\/div>\n<div class=\"mp-row-fluid motopress-row mpce-dsbl-margin-left mpce-dsbl-margin-right\">\n<div class=\"motopress-clmn mp-span12  mpce-dsbl-margin-left mpce-dsbl-margin-right\">\n<div class=\"motopress-code-obj motopress-margin-top-25\">\n\r\n<style type=\"text\/css\">\r\n        .filtros-paises li {\r\n            display: inline-block;\r\n    margin: 10px;\r\n    font-family: \"NewsGothicMT\";\r\n    color: #646464;\r\n    letter-spacing: 2.5px;\r\n    font-size: 13px;\r\n    padding: 5px 18px;\r\n    margin: 0px;\r\n    border-right: 1px solid #ff515b;\r\n    cursor: pointer;\r\n    margin-right: -2px;\r\n        }\r\n    <\/style>\r\n\t<ul class=\"filtros-paises\">\r\n\t\t<!--<li class=\"guatemala\" data-id=\"7\">Guatemala<\/li>\r\n        <li class=\"costa-rica\" data-id=\"8\">Costa Rica<\/li>\r\n        <li class=\"honduras\" data-id=\"9\">Honduras<\/li>\r\n        <li class=\"salvador\" data-id=\"10\">El Salvador<\/li>\r\n        <li class=\"panama\" data-id=\"11\">Panam\u00e1<\/li>-->\r\n        <!-- <li class=\"guatemala\" data-id=\"7\"><a href=\"?pais=Guatemala\">Guatemala<\/a><\/li> -->\r\n        <!-- <li class=\"costa-rica\" data-id=\"8\"><a href=\"?pais=Costa-Rica\">Costa Rica<\/a><\/li> -->\r\n        <!-- <li class=\"honduras\" data-id=\"9\"><a href=\"?pais=Honduras\">Honduras<\/a><\/li>\r\n        <li class=\"salvador\" data-id=\"10\"><a href=\"?pais=El-Salvador\">El Salvador<\/a><\/li>\r\n        <li class=\"panama\" data-id=\"11\"><a href=\"?pais=Panama\">Panam\u00e1<\/a><\/li> -->\r\n\r\n        <!-- <li class=\"guatemala\" data-id=\"7\"><a href=\"https:\/\/4amsaatchi.com\/costarica\/work\/guatemala\">Guatemala<\/a><\/li>\r\n        <li class=\"costa-rica\" data-id=\"8\"><a href=\"https:\/\/4amsaatchi.com\/costarica\/work\/costa-rica\">Costa Rica<\/a><\/li>\r\n        <li class=\"honduras\" data-id=\"9\"><a href=\"https:\/\/4amsaatchi.com\/costarica\/work\/honduras\">Honduras<\/a><\/li>\r\n        <li class=\"salvador\" data-id=\"10\"><a href=\"https:\/\/4amsaatchi.com\/costarica\/work\/el-salvador\">El Salvador<\/a><\/li>\r\n        <li class=\"panama\" data-id=\"11\"><a href=\"https:\/\/4amsaatchi.com\/costarica\/work\/panama\">Panam\u00e1<\/a><\/li> -->\r\n\r\n\r\n\r\n        <!-- <li class=\"panama\" data-id=\"11\"><a >Costa Rica<\/a><\/li> -->\r\n        \r\n        \r\n        \r\n\r\n        \r\n        \r\n    <\/ul> \r\n<script type=\"text\/javascript\">\r\n\tvar pais = \"8\";\r\n\r\n\tjQuery('li[data-id=\"'+pais+'\"]').addClass('activefil');\r\n    \/\/ jQuery('.paissele li[data-pais=\"'+pais+'\"]').addClass('paisactivo');\r\n\t\r\njQuery( document ).ready(function() {\r\n\r\n\t\/*jQuery('.filtros-paises li').click(function(e) \r\n    { \r\n    \tjQuery( \".filtros-paises li\" ).removeClass(\"activefil\");\r\n    \tjQuery(this).addClass(\"activefil\");\r\n    \t\/\/ console.log(jQuery(this).attr(\"data-id\"));\r\n    \tjQuery('.paissele li').removeClass('paisactivo');\r\n    \tjQuery('.paissele li[data-pais=\"'+jQuery(this).attr(\"data-id\")+'\"]').addClass('paisactivo');\r\n     \tvar filtro = jQuery(this).attr('data-id');     \t\r\n     \tjQuery.ajax({\r\n            type: 'POST',\r\n            url: '\/saatchi\/wp-admin\/admin-ajax.php',\r\n            data: {action:'filtroswork', filtro:filtro},\r\n            success: function(result) {  \/\/ callback function using returned data\r\n              jQuery(\"#cargando\").modal('hide');\r\n              jQuery('.worksfil').html(result);\r\n               },  \r\n            beforeSend:  function(result) {  \/\/ callback function using returned data\r\n              jQuery(\"#cargando\").modal('show');\r\n               },  \r\n            dataType: \"html\"\r\n          });\r\n    });*\/\r\n    \t\r\n\t\t \t\r\n\t\t\r\n\t\r\n\t});\r\n<\/script>\r\n<div class=\"worksfil\"> \r\n\t\t\t\r\n\t\t\t\t\t\t\t\t\t\t\t\t\t\t\t\t\t\t\t<div class=\"containerwork row\" id=\"bloque1\">\r\n\t\t\t\t\t\t\t\t\t\t\t\t\t\r\n\t\t\t\t\r\n\t\t\t\t\t<div class=\"col-lg-4 col-md-4 col-sm-6 col-xs-12 noticiahome\">\r\n\t\t\t\t\t<div class=\"img-work\">\r\n\t\t\t\t\t\t\t<a href=\"https:\/\/4amsaatchi.com\/costarica\/4am-saatchisaatchi-costa-rica-apasionados-por-transformar-ideas-en-experiencias-memorables\/\" title=\"4am Saatchi&#038;Saatchi Costa Rica: Apasionados por transformar ideas en experiencias memorables.\"><img loading=\"lazy\" decoding=\"async\" width=\"300\" height=\"300\" src=\"https:\/\/4amsaatchi.com\/costarica\/wp-content\/uploads\/sites\/4\/2024\/05\/Imagen-Reel-500x500-1-300x300.png\" class=\"attachment-medium size-medium wp-post-image\" alt=\"\" srcset=\"https:\/\/4amsaatchi.com\/costarica\/wp-content\/uploads\/sites\/4\/2024\/05\/Imagen-Reel-500x500-1-300x300.png 300w, https:\/\/4amsaatchi.com\/costarica\/wp-content\/uploads\/sites\/4\/2024\/05\/Imagen-Reel-500x500-1-150x150.png 150w, https:\/\/4amsaatchi.com\/costarica\/wp-content\/uploads\/sites\/4\/2024\/05\/Imagen-Reel-500x500-1-100x100.png 100w, https:\/\/4amsaatchi.com\/costarica\/wp-content\/uploads\/sites\/4\/2024\/05\/Imagen-Reel-500x500-1.png 500w\" sizes=\"100vw\" \/><\/a>\r\n\t\t\t\t\t\t\t\r\n\t\t\t\t\t\t<\/div> \r\n\t\t\t\t\t\t<a class=\"title-work\" href=\"https:\/\/4amsaatchi.com\/costarica\/4am-saatchisaatchi-costa-rica-apasionados-por-transformar-ideas-en-experiencias-memorables\/\" title=\"4am Saatchi&#038;Saatchi Costa Rica: Apasionados por transformar ideas en experiencias memorables.\">4am Saatchi&#038;Saatchi Costa Rica: Apasionados por transformar ideas en experiencias memorables.<\/a>\r\n\t\t\t\t\t\t\r\n\r\n\t\t\t\t\t\t<p class=\"contenidonoti\">Para la Fundaci\u00f3n Rahab se crearon&#8230;<\/p>\r\n\t\t\t\t\t\t\r\n\t\t\t\t\t<\/div>\r\n\t\t\t\t\t\t\t\t\t\t\t\t\t\t\t\t\r\n\t\t\t\t\r\n\t\t\t\t\t<div class=\"col-lg-4 col-md-4 col-sm-6 col-xs-12 noticiahome\">\r\n\t\t\t\t\t<div class=\"img-work\">\r\n\t\t\t\t\t\t\t<a href=\"https:\/\/4amsaatchi.com\/costarica\/afterlife-tattoo-fundacion-vida-nueva-donacion-y-trasplantes-2\/\" title=\"AFTERLIFE TATTOO, FUNDACION VIDA NUEVA (DONACION Y TRASPLANTES)\"><img loading=\"lazy\" decoding=\"async\" width=\"300\" height=\"300\" src=\"https:\/\/4amsaatchi.com\/costarica\/wp-content\/uploads\/sites\/4\/2019\/01\/AfterlifeTattoo-300x300.png\" class=\"attachment-medium size-medium wp-post-image\" alt=\"\" srcset=\"https:\/\/4amsaatchi.com\/costarica\/wp-content\/uploads\/sites\/4\/2019\/01\/AfterlifeTattoo-300x300.png 300w, https:\/\/4amsaatchi.com\/costarica\/wp-content\/uploads\/sites\/4\/2019\/01\/AfterlifeTattoo-150x150.png 150w, https:\/\/4amsaatchi.com\/costarica\/wp-content\/uploads\/sites\/4\/2019\/01\/AfterlifeTattoo-100x100.png 100w, https:\/\/4amsaatchi.com\/costarica\/wp-content\/uploads\/sites\/4\/2019\/01\/AfterlifeTattoo.png 500w\" sizes=\"100vw\" \/><\/a>\r\n\t\t\t\t\t\t\t\r\n\t\t\t\t\t\t<\/div> \r\n\t\t\t\t\t\t<a class=\"title-work\" href=\"https:\/\/4amsaatchi.com\/costarica\/afterlife-tattoo-fundacion-vida-nueva-donacion-y-trasplantes-2\/\" title=\"AFTERLIFE TATTOO, FUNDACION VIDA NUEVA (DONACION Y TRASPLANTES)\">AFTERLIFE TATTOO, FUNDACION VIDA NUEVA (DONACION Y TRASPLANTES)<\/a>\r\n\t\t\t\t\t\t\r\n\r\n\t\t\t\t\t\t<p class=\"contenidonoti\">Con una acci\u00f3n logramos que 280 personas se convirtieran&#8230;<\/p>\r\n\t\t\t\t\t\t\r\n\t\t\t\t\t<\/div>\r\n\t\t\t\t\t\t\t\t\t\t\t\t\t\t\t\t\r\n\t\t\t\t\r\n\t\t\t\t\t<div class=\"col-lg-4 col-md-4 col-sm-6 col-xs-12 noticiahome\">\r\n\t\t\t\t\t<div class=\"img-work\">\r\n\t\t\t\t\t\t\t<a href=\"https:\/\/4amsaatchi.com\/costarica\/afterlife-tattoo-fundacion-vida-nueva-donacion-y-trasplantes\/\" title=\"AFTERLIFE TATTOO, FUNDACION VIDA NUEVA (DONACION Y TRASPLANTES)\"><img loading=\"lazy\" decoding=\"async\" width=\"300\" height=\"300\" src=\"https:\/\/4amsaatchi.com\/costarica\/wp-content\/uploads\/sites\/4\/2019\/01\/AfterlifeTattoo-300x300.png\" class=\"attachment-medium size-medium wp-post-image\" alt=\"\" srcset=\"https:\/\/4amsaatchi.com\/costarica\/wp-content\/uploads\/sites\/4\/2019\/01\/AfterlifeTattoo-300x300.png 300w, https:\/\/4amsaatchi.com\/costarica\/wp-content\/uploads\/sites\/4\/2019\/01\/AfterlifeTattoo-150x150.png 150w, https:\/\/4amsaatchi.com\/costarica\/wp-content\/uploads\/sites\/4\/2019\/01\/AfterlifeTattoo-100x100.png 100w, https:\/\/4amsaatchi.com\/costarica\/wp-content\/uploads\/sites\/4\/2019\/01\/AfterlifeTattoo.png 500w\" sizes=\"100vw\" \/><\/a>\r\n\t\t\t\t\t\t\t\r\n\t\t\t\t\t\t<\/div> \r\n\t\t\t\t\t\t<a class=\"title-work\" href=\"https:\/\/4amsaatchi.com\/costarica\/afterlife-tattoo-fundacion-vida-nueva-donacion-y-trasplantes\/\" title=\"AFTERLIFE TATTOO, FUNDACION VIDA NUEVA (DONACION Y TRASPLANTES)\">AFTERLIFE TATTOO, FUNDACION VIDA NUEVA (DONACION Y TRASPLANTES)<\/a>\r\n\t\t\t\t\t\t\r\n\r\n\t\t\t\t\t\t<p class=\"contenidonoti\">Con una acci\u00f3n logramos que 280 personas se convirtieran&#8230;<\/p>\r\n\t\t\t\t\t\t\r\n\t\t\t\t\t<\/div>\r\n\t\t\t\t\t\t\t\t\t\t\t\t\t\t\t\t\r\n\t\t\t\t\r\n\t\t\t\t\t<div class=\"col-lg-4 col-md-4 col-sm-6 col-xs-12 noticiahome\">\r\n\t\t\t\t\t<div class=\"img-work\">\r\n\t\t\t\t\t\t\t<a href=\"https:\/\/4amsaatchi.com\/costarica\/fundacion-rahab-jingles\/\" title=\"FUNDACION RAHAB- JINGLES\"><img loading=\"lazy\" decoding=\"async\" width=\"300\" height=\"300\" src=\"https:\/\/4amsaatchi.com\/costarica\/wp-content\/uploads\/sites\/4\/2018\/05\/rahab-300x300.jpg\" class=\"attachment-medium size-medium wp-post-image\" alt=\"\" srcset=\"https:\/\/4amsaatchi.com\/costarica\/wp-content\/uploads\/sites\/4\/2018\/05\/rahab-300x300.jpg 300w, https:\/\/4amsaatchi.com\/costarica\/wp-content\/uploads\/sites\/4\/2018\/05\/rahab-150x150.jpg 150w, https:\/\/4amsaatchi.com\/costarica\/wp-content\/uploads\/sites\/4\/2018\/05\/rahab-100x100.jpg 100w, https:\/\/4amsaatchi.com\/costarica\/wp-content\/uploads\/sites\/4\/2018\/05\/rahab.jpg 500w\" sizes=\"100vw\" \/><\/a>\r\n\t\t\t\t\t\t\t\r\n\t\t\t\t\t\t<\/div> \r\n\t\t\t\t\t\t<a class=\"title-work\" href=\"https:\/\/4amsaatchi.com\/costarica\/fundacion-rahab-jingles\/\" title=\"FUNDACION RAHAB- JINGLES\">FUNDACION RAHAB- JINGLES<\/a>\r\n\t\t\t\t\t\t\r\n\r\n\t\t\t\t\t\t<p class=\"contenidonoti\">Para la Fundaci\u00f3n Rahab se crearon&#8230;<\/p>\r\n\t\t\t\t\t\t\r\n\t\t\t\t\t<\/div>\r\n\t\t\t\t\t\t\t\t\t\t\t\t\t\t\t\t\r\n\t\t\t\t\r\n\t\t\t\t\t<div class=\"col-lg-4 col-md-4 col-sm-6 col-xs-12 noticiahome\">\r\n\t\t\t\t\t<div class=\"img-work\">\r\n\t\t\t\t\t\t\t<a href=\"https:\/\/4amsaatchi.com\/costarica\/tramontina-poster-promotion\/\" title=\"TRAMONTINA POSTER PROMOTION\"><img loading=\"lazy\" decoding=\"async\" width=\"300\" height=\"300\" src=\"https:\/\/4amsaatchi.com\/costarica\/wp-content\/uploads\/sites\/4\/2018\/05\/tramontina-final-300x300.jpg\" class=\"attachment-medium size-medium wp-post-image\" alt=\"\" srcset=\"https:\/\/4amsaatchi.com\/costarica\/wp-content\/uploads\/sites\/4\/2018\/05\/tramontina-final-300x300.jpg 300w, https:\/\/4amsaatchi.com\/costarica\/wp-content\/uploads\/sites\/4\/2018\/05\/tramontina-final-150x150.jpg 150w, https:\/\/4amsaatchi.com\/costarica\/wp-content\/uploads\/sites\/4\/2018\/05\/tramontina-final-100x100.jpg 100w, https:\/\/4amsaatchi.com\/costarica\/wp-content\/uploads\/sites\/4\/2018\/05\/tramontina-final.jpg 500w\" sizes=\"100vw\" \/><\/a>\r\n\t\t\t\t\t\t\t\r\n\t\t\t\t\t\t<\/div> \r\n\t\t\t\t\t\t<a class=\"title-work\" href=\"https:\/\/4amsaatchi.com\/costarica\/tramontina-poster-promotion\/\" title=\"TRAMONTINA POSTER PROMOTION\">TRAMONTINA POSTER PROMOTION<\/a>\r\n\t\t\t\t\t\t\r\n\r\n\t\t\t\t\t\t<p class=\"contenidonoti\">En Punto de Venta donde las personas&#8230;<\/p>\r\n\t\t\t\t\t\t\r\n\t\t\t\t\t<\/div>\r\n\t\t\t\t\t\t\t\t\t\t\t\t\t\t\t\t\r\n\t\t\t\t\r\n\t\t\t\t\t<div class=\"col-lg-4 col-md-4 col-sm-6 col-xs-12 noticiahome\">\r\n\t\t\t\t\t<div class=\"img-work\">\r\n\t\t\t\t\t\t\t<a href=\"https:\/\/4amsaatchi.com\/costarica\/english-to-go-traductor-google\/\" title=\"ENGLISH TO GO TRADUCTOR GOOGLE\"><img loading=\"lazy\" decoding=\"async\" width=\"300\" height=\"300\" src=\"https:\/\/4amsaatchi.com\/costarica\/wp-content\/uploads\/sites\/4\/2018\/05\/english-300x300.jpg\" class=\"attachment-medium size-medium wp-post-image\" alt=\"\" srcset=\"https:\/\/4amsaatchi.com\/costarica\/wp-content\/uploads\/sites\/4\/2018\/05\/english-300x300.jpg 300w, https:\/\/4amsaatchi.com\/costarica\/wp-content\/uploads\/sites\/4\/2018\/05\/english-150x150.jpg 150w, https:\/\/4amsaatchi.com\/costarica\/wp-content\/uploads\/sites\/4\/2018\/05\/english-100x100.jpg 100w, https:\/\/4amsaatchi.com\/costarica\/wp-content\/uploads\/sites\/4\/2018\/05\/english.jpg 500w\" sizes=\"100vw\" \/><\/a>\r\n\t\t\t\t\t\t\t\r\n\t\t\t\t\t\t<\/div> \r\n\t\t\t\t\t\t<a class=\"title-work\" href=\"https:\/\/4amsaatchi.com\/costarica\/english-to-go-traductor-google\/\" title=\"ENGLISH TO GO TRADUCTOR GOOGLE\">ENGLISH TO GO TRADUCTOR GOOGLE<\/a>\r\n\t\t\t\t\t\t\r\n\r\n\t\t\t\t\t\t<p class=\"contenidonoti\">Para un cliente de poco presupuesto realizamos&#8230;<\/p>\r\n\t\t\t\t\t\t\r\n\t\t\t\t\t<\/div>\r\n\t\t\t\t\t\t\t\t\t<\/div>\r\n\t\t\t\t\t\t\t\t\t\t\t\t\t\t\t\t\t\t\t\t\t\t\t<div class=\"containerwork row\" id=\"bloque2\" style=\"display: none;\">\r\n\t\t\t\t\t\t\t\t\t\t\t\t\t\r\n\t\t\t\t\r\n\t\t\t\t\t<div class=\"col-lg-4 col-md-4 col-sm-6 col-xs-12 noticiahome\">\r\n\t\t\t\t\t<div class=\"img-work\">\r\n\t\t\t\t\t\t\t<a href=\"https:\/\/4amsaatchi.com\/costarica\/paseo-metropoli-emotional-discount\/\" title=\"PASEO METROPOLI EMOTIONAL DISCOUNT\"><img loading=\"lazy\" decoding=\"async\" width=\"300\" height=\"300\" src=\"https:\/\/4amsaatchi.com\/costarica\/wp-content\/uploads\/sites\/4\/2018\/05\/emotional-300x300.jpg\" class=\"attachment-medium size-medium wp-post-image\" alt=\"\" srcset=\"https:\/\/4amsaatchi.com\/costarica\/wp-content\/uploads\/sites\/4\/2018\/05\/emotional-300x300.jpg 300w, https:\/\/4amsaatchi.com\/costarica\/wp-content\/uploads\/sites\/4\/2018\/05\/emotional-150x150.jpg 150w, https:\/\/4amsaatchi.com\/costarica\/wp-content\/uploads\/sites\/4\/2018\/05\/emotional-100x100.jpg 100w, https:\/\/4amsaatchi.com\/costarica\/wp-content\/uploads\/sites\/4\/2018\/05\/emotional.jpg 500w\" sizes=\"100vw\" \/><\/a>\r\n\t\t\t\t\t\t\t\r\n\t\t\t\t\t\t<\/div> \r\n\t\t\t\t\t\t<a class=\"title-work\" href=\"https:\/\/4amsaatchi.com\/costarica\/paseo-metropoli-emotional-discount\/\" title=\"PASEO METROPOLI EMOTIONAL DISCOUNT\">PASEO METROPOLI EMOTIONAL DISCOUNT<\/a>\r\n\t\t\t\t\t\t\r\n\r\n\t\t\t\t\t\t<p class=\"contenidonoti\">Realizamos una campa\u00f1a con un insight poderoso&#8230;<\/p>\r\n\t\t\t\t\t\t\r\n\t\t\t\t\t<\/div>\r\n\t\t\t\t\t\t\t\t\t\t\t\t\t\t\t\t\r\n\t\t\t\t\r\n\t\t\t\t\t<div class=\"col-lg-4 col-md-4 col-sm-6 col-xs-12 noticiahome\">\r\n\t\t\t\t\t<div class=\"img-work\">\r\n\t\t\t\t\t\t\t<a href=\"https:\/\/4amsaatchi.com\/costarica\/paradise-tattoo-convention-fundacion-nueva-vidaafterlifetattoo\/\" title=\"PARADISE TATTOO CONVENTION\/FUNDACION NUEVA VIDAAFTERLIFETATTOO\"><img loading=\"lazy\" decoding=\"async\" width=\"300\" height=\"300\" src=\"https:\/\/4amsaatchi.com\/costarica\/wp-content\/uploads\/sites\/4\/2018\/05\/tatto-300x300.jpg\" class=\"attachment-medium size-medium wp-post-image\" alt=\"\" srcset=\"https:\/\/4amsaatchi.com\/costarica\/wp-content\/uploads\/sites\/4\/2018\/05\/tatto-300x300.jpg 300w, https:\/\/4amsaatchi.com\/costarica\/wp-content\/uploads\/sites\/4\/2018\/05\/tatto-150x150.jpg 150w, https:\/\/4amsaatchi.com\/costarica\/wp-content\/uploads\/sites\/4\/2018\/05\/tatto-100x100.jpg 100w, https:\/\/4amsaatchi.com\/costarica\/wp-content\/uploads\/sites\/4\/2018\/05\/tatto.jpg 500w\" sizes=\"100vw\" \/><\/a>\r\n\t\t\t\t\t\t\t\r\n\t\t\t\t\t\t<\/div> \r\n\t\t\t\t\t\t<a class=\"title-work\" href=\"https:\/\/4amsaatchi.com\/costarica\/paradise-tattoo-convention-fundacion-nueva-vidaafterlifetattoo\/\" title=\"PARADISE TATTOO CONVENTION\/FUNDACION NUEVA VIDAAFTERLIFETATTOO\">PARADISE TATTOO CONVENTION\/FUNDACION NUEVA VIDAAFTERLIFETATTOO<\/a>\r\n\t\t\t\t\t\t\r\n\r\n\t\t\t\t\t\t<p class=\"contenidonoti\">Cream Descubrimos que en Costa Rica a las personas&#8230;<\/p>\r\n\t\t\t\t\t\t\r\n\t\t\t\t\t<\/div>\r\n\t\t\t\t\t\t\t\t\t\t\t\t\t\t\t\t\r\n\t\t\t\t\r\n\t\t\t\t\t<div class=\"col-lg-4 col-md-4 col-sm-6 col-xs-12 noticiahome\">\r\n\t\t\t\t\t<div class=\"img-work\">\r\n\t\t\t\t\t\t\t<a href=\"https:\/\/4amsaatchi.com\/costarica\/tramontina-cut-art\/\" title=\"TRAMONTINA CUT ART\"><img loading=\"lazy\" decoding=\"async\" width=\"300\" height=\"300\" src=\"https:\/\/4amsaatchi.com\/costarica\/wp-content\/uploads\/sites\/4\/2018\/05\/tramontina-300x300.jpg\" class=\"attachment-medium size-medium wp-post-image\" alt=\"\" srcset=\"https:\/\/4amsaatchi.com\/costarica\/wp-content\/uploads\/sites\/4\/2018\/05\/tramontina-300x300.jpg 300w, https:\/\/4amsaatchi.com\/costarica\/wp-content\/uploads\/sites\/4\/2018\/05\/tramontina-150x150.jpg 150w, https:\/\/4amsaatchi.com\/costarica\/wp-content\/uploads\/sites\/4\/2018\/05\/tramontina-100x100.jpg 100w, https:\/\/4amsaatchi.com\/costarica\/wp-content\/uploads\/sites\/4\/2018\/05\/tramontina.jpg 500w\" sizes=\"100vw\" \/><\/a>\r\n\t\t\t\t\t\t\t\r\n\t\t\t\t\t\t<\/div> \r\n\t\t\t\t\t\t<a class=\"title-work\" href=\"https:\/\/4amsaatchi.com\/costarica\/tramontina-cut-art\/\" title=\"TRAMONTINA CUT ART\">TRAMONTINA CUT ART<\/a>\r\n\t\t\t\t\t\t\r\n\r\n\t\t\t\t\t\t<p class=\"contenidonoti\">Creamos una campa\u00f1a que llegar\u00e1 a p\u00fablico&#8230;<\/p>\r\n\t\t\t\t\t\t\r\n\t\t\t\t\t<\/div>\r\n\t\t\t\t\t\t\t\t\t\t\t\t\t\t \t<\/div>\r\n\t\t\t\t\t\t \r\n\t\t\t\t\t<input id=\"numbloques\" type=\"hidden\" name=\"\" value=\"2\">\r\n\t\t<input id=\"bloqueact\" type=\"hidden\" name=\"\" value=\"1\">\r\n\t\t\t\t\t<div class=\"cargar-mas\">\r\n\t\t\t\t<div class=\"btn-enviar-rosa\"><a id=\"btncargarmas\"  class=\"\" onclick=\"mostrarmas()\">CARGAR M\u00c1S<\/a><\/div>\r\n\t\t\t<\/div>\r\n\t\t\r\n<\/div>\r\n\n<\/div>\n<\/div>\n<\/div>\n","protected":false},"excerpt":{"rendered":"TRAM ONTINA TRAMONTINA CUT ART HOME\/ WORK \/ COSTA RICA \/ TRAMONTINA CUT ART Descrippci\u00f3n: Creamos una campa\u00f1a que llegar\u00e1 a p\u00fablico especializado como Chef, Restaurantes, creando una serie de obras de arte que fueron cortadas con Cuchillos Tramontina. Categor\u00edas: Direcci\u00f3n Artistica Gr\u00e1ficos Animados Marca Fecha: 2016 &#8211; 06 &#8211; 02 VER PROYECTO share","protected":false},"author":1,"featured_media":0,"parent":47,"menu_order":0,"comment_status":"closed","ping_status":"closed","template":"work.php","meta":{"inline_featured_image":false,"footnotes":""},"yoast_head":"<!-- This site is optimized with the Yoast SEO plugin v22.2 - https:\/\/yoast.com\/wordpress\/plugins\/seo\/ -->\n<title>Costa Rica - Costa Rica<\/title>\n<meta name=\"robots\" content=\"index, follow, max-snippet:-1, max-image-preview:large, max-video-preview:-1\" \/>\n<link rel=\"canonical\" href=\"https:\/\/4amsaatchi.com\/costarica\/work\/costa-rica\/\" \/>\n<meta property=\"og:locale\" content=\"es_ES\" \/>\n<meta property=\"og:type\" content=\"article\" \/>\n<meta property=\"og:title\" content=\"Costa Rica - Costa Rica\" \/>\n<meta property=\"og:description\" content=\"TRAM ONTINA TRAMONTINA CUT ART HOME\/ WORK \/ COSTA RICA \/ TRAMONTINA CUT ART Descrippci\u00f3n: Creamos una campa\u00f1a que llegar\u00e1 a p\u00fablico especializado como Chef, Restaurantes, creando una serie de obras de arte que fueron cortadas con Cuchillos Tramontina. Categor\u00edas: Direcci\u00f3n Artistica Gr\u00e1ficos Animados Marca Fecha: 2016 &#8211; 06 &#8211; 02 VER PROYECTO share\" \/>\n<meta property=\"og:url\" content=\"https:\/\/4amsaatchi.com\/costarica\/work\/costa-rica\/\" \/>\n<meta property=\"og:site_name\" content=\"Costa Rica\" \/>\n<meta property=\"article:modified_time\" content=\"2018-12-13T16:28:26+00:00\" \/>\n<meta name=\"twitter:card\" content=\"summary_large_image\" \/>\n<script type=\"application\/ld+json\" class=\"yoast-schema-graph\">{\"@context\":\"https:\/\/schema.org\",\"@graph\":[{\"@type\":\"WebPage\",\"@id\":\"https:\/\/4amsaatchi.com\/costarica\/work\/costa-rica\/\",\"url\":\"https:\/\/4amsaatchi.com\/costarica\/work\/costa-rica\/\",\"name\":\"Costa Rica - Costa Rica\",\"isPartOf\":{\"@id\":\"https:\/\/4amsaatchi.com\/costarica\/#website\"},\"datePublished\":\"2018-06-19T20:22:36+00:00\",\"dateModified\":\"2018-12-13T16:28:26+00:00\",\"breadcrumb\":{\"@id\":\"https:\/\/4amsaatchi.com\/costarica\/work\/costa-rica\/#breadcrumb\"},\"inLanguage\":\"es\",\"potentialAction\":[{\"@type\":\"ReadAction\",\"target\":[\"https:\/\/4amsaatchi.com\/costarica\/work\/costa-rica\/\"]}]},{\"@type\":\"BreadcrumbList\",\"@id\":\"https:\/\/4amsaatchi.com\/costarica\/work\/costa-rica\/#breadcrumb\",\"itemListElement\":[{\"@type\":\"ListItem\",\"position\":1,\"name\":\"Portada\",\"item\":\"https:\/\/4amsaatchi.com\/costarica\/\"},{\"@type\":\"ListItem\",\"position\":2,\"name\":\"Work\",\"item\":\"https:\/\/4amsaatchi.com\/costarica\/work\/\"},{\"@type\":\"ListItem\",\"position\":3,\"name\":\"Costa Rica\"}]},{\"@type\":\"WebSite\",\"@id\":\"https:\/\/4amsaatchi.com\/costarica\/#website\",\"url\":\"https:\/\/4amsaatchi.com\/costarica\/\",\"name\":\"Costa Rica\",\"description\":\"\",\"potentialAction\":[{\"@type\":\"SearchAction\",\"target\":{\"@type\":\"EntryPoint\",\"urlTemplate\":\"https:\/\/4amsaatchi.com\/costarica\/?s={search_term_string}\"},\"query-input\":\"required name=search_term_string\"}],\"inLanguage\":\"es\"}]}<\/script>\n<!-- \/ Yoast SEO plugin. -->","yoast_head_json":{"title":"Costa Rica - Costa Rica","robots":{"index":"index","follow":"follow","max-snippet":"max-snippet:-1","max-image-preview":"max-image-preview:large","max-video-preview":"max-video-preview:-1"},"canonical":"https:\/\/4amsaatchi.com\/costarica\/work\/costa-rica\/","og_locale":"es_ES","og_type":"article","og_title":"Costa Rica - Costa Rica","og_description":"TRAM ONTINA TRAMONTINA CUT ART HOME\/ WORK \/ COSTA RICA \/ TRAMONTINA CUT ART Descrippci\u00f3n: Creamos una campa\u00f1a que llegar\u00e1 a p\u00fablico especializado como Chef, Restaurantes, creando una serie de obras de arte que fueron cortadas con Cuchillos Tramontina. Categor\u00edas: Direcci\u00f3n Artistica Gr\u00e1ficos Animados Marca Fecha: 2016 &#8211; 06 &#8211; 02 VER PROYECTO share","og_url":"https:\/\/4amsaatchi.com\/costarica\/work\/costa-rica\/","og_site_name":"Costa Rica","article_modified_time":"2018-12-13T16:28:26+00:00","twitter_card":"summary_large_image","schema":{"@context":"https:\/\/schema.org","@graph":[{"@type":"WebPage","@id":"https:\/\/4amsaatchi.com\/costarica\/work\/costa-rica\/","url":"https:\/\/4amsaatchi.com\/costarica\/work\/costa-rica\/","name":"Costa Rica - Costa Rica","isPartOf":{"@id":"https:\/\/4amsaatchi.com\/costarica\/#website"},"datePublished":"2018-06-19T20:22:36+00:00","dateModified":"2018-12-13T16:28:26+00:00","breadcrumb":{"@id":"https:\/\/4amsaatchi.com\/costarica\/work\/costa-rica\/#breadcrumb"},"inLanguage":"es","potentialAction":[{"@type":"ReadAction","target":["https:\/\/4amsaatchi.com\/costarica\/work\/costa-rica\/"]}]},{"@type":"BreadcrumbList","@id":"https:\/\/4amsaatchi.com\/costarica\/work\/costa-rica\/#breadcrumb","itemListElement":[{"@type":"ListItem","position":1,"name":"Portada","item":"https:\/\/4amsaatchi.com\/costarica\/"},{"@type":"ListItem","position":2,"name":"Work","item":"https:\/\/4amsaatchi.com\/costarica\/work\/"},{"@type":"ListItem","position":3,"name":"Costa Rica"}]},{"@type":"WebSite","@id":"https:\/\/4amsaatchi.com\/costarica\/#website","url":"https:\/\/4amsaatchi.com\/costarica\/","name":"Costa Rica","description":"","potentialAction":[{"@type":"SearchAction","target":{"@type":"EntryPoint","urlTemplate":"https:\/\/4amsaatchi.com\/costarica\/?s={search_term_string}"},"query-input":"required name=search_term_string"}],"inLanguage":"es"}]}},"_links":{"self":[{"href":"https:\/\/4amsaatchi.com\/costarica\/wp-json\/wp\/v2\/pages\/1249"}],"collection":[{"href":"https:\/\/4amsaatchi.com\/costarica\/wp-json\/wp\/v2\/pages"}],"about":[{"href":"https:\/\/4amsaatchi.com\/costarica\/wp-json\/wp\/v2\/types\/page"}],"author":[{"embeddable":true,"href":"https:\/\/4amsaatchi.com\/costarica\/wp-json\/wp\/v2\/users\/1"}],"replies":[{"embeddable":true,"href":"https:\/\/4amsaatchi.com\/costarica\/wp-json\/wp\/v2\/comments?post=1249"}],"version-history":[{"count":3,"href":"https:\/\/4amsaatchi.com\/costarica\/wp-json\/wp\/v2\/pages\/1249\/revisions"}],"predecessor-version":[{"id":1253,"href":"https:\/\/4amsaatchi.com\/costarica\/wp-json\/wp\/v2\/pages\/1249\/revisions\/1253"}],"up":[{"embeddable":true,"href":"https:\/\/4amsaatchi.com\/costarica\/wp-json\/wp\/v2\/pages\/47"}],"wp:attachment":[{"href":"https:\/\/4amsaatchi.com\/costarica\/wp-json\/wp\/v2\/media?parent=1249"}],"curies":[{"name":"wp","href":"https:\/\/api.w.org\/{rel}","templated":true}]}}